tor of 3120 and 26.
26
What is the greatest common factor of 598 and 13?
13
What is the highest common divisor of 140 and 3940?
20
What is the highest common factor of 535 and 5?
5
What is the greatest common divisor of 3 and 105?
3
What is the highest common factor of 76 and 1264?
4
Calculate the highest common factor of 64 and 12.
4
What is the highest common divisor of 44 and 70708?
44
What is the highest common divisor of 792 and 936?
72
What is the greatest common factor of 216 and 27?
27
What is the greatest common divisor of 12638 and 284?
142
Calculate the highest common factor of 1685 and 10.
5
Calculate the greatest common factor of 48 and 2872.
8
Calculate the greatest common divisor of 1016 and 1905.
127
Calculate the highest common divisor of 266 and 57.
19
Calculate the highest common divisor of 89 and 445.
89
What is the greatest common factor of 7334 and 579?
193
Calculate the highest common divisor of 18 and 1494.
18
What is the highest common factor of 20 and 3460?
20
What is the highest common factor of 28 and 133?
7
What is the highest common divisor of 689 and 106?
53
Calculate the highest common factor of 28 and 14.
14
What is the highest common factor of 17625 and 141?
141
Calculate the greatest common factor of 1167 and 9.
3
What is the greatest common factor of 30 and 240?
30
What is the greatest common divisor of 455 and 130?
65
What is the highest common factor of 684 and 66?
6
What is the highest common divisor of 9 and 243?
9
What is the greatest common factor of 117 and 195?
39
What is the greatest common divisor of 272 and 2352?
16
Calculate the greatest common divisor of 186 and 6.
6
Calculate the highest common factor of 21 and 77.
7
Calculate the greatest common divisor of 304 and 380.
76
Calculate the highest common divisor of 16 and 24176.
16
Calculate the greatest common factor of 210 and 112.
14
Calculate the highest common divisor of 127 and 5207.
127
What is the highest common factor of 62 and 248?
62
Calculate the greatest common divisor of 352 and 4840.
88
What is the highest common factor of 24 and 309?
3
What is the highest common factor of 80 and 610?
10
What is the highest common divisor of 6 and 939?
3
Calculate the greatest common factor of 6331 and 13.
13
What is the greatest common factor of 1204 and 2884?
28
Calculate the greatest common factor of 2440 and 440.
40
Calculate the greatest common factor of 200 and 25.
25
Calculate the highest common divisor of 1450 and 6670.
290
What is the highest common divisor of 24 and 20720?
8
What is the highest common factor of 84 and 28?
28
What is the highest common divisor of 1484 and 7?
7
Calculate the highest common factor of 5424 and 288.
48
Calculate the greatest common divisor of 60 and 135.
15
Calculate the highest common divisor of 11 and 7.
1
What is the highest common divisor of 1335 and 3?
3
Calculate the greatest common factor of 1500 and 60.
60
What is the highest common divisor of 235 and 141?
47
What is the greatest common divisor of 30 and 510?
30
What is the greatest common factor of 20 and 590?
10
Calculate the greatest common factor of 492 and 12.
12
What is the highest common factor of 697 and 1360?
17
Calculate the greatest common factor of 18 and 18.
18
Calculate the highest common divisor of 36 and 960.
12
Calculate the greatest common factor of 42 and 112.
14
Calculate the highest common factor of 453 and 6.
3
What is the highest common divisor of 60 and 140?
20
What is the highest common divisor of 10 and 194?
2
What is the greatest common factor of 93 and 3?
3
What is the highest common divisor of 1212 and 8?
4
Calculate the greatest common factor of 172 and 4300.
172
Calculate the greatest common factor of 5655 and 975.
195
Calculate the greatest common factor of 1149 and 30.
3
What is the greatest common factor of 132 and 12892?
44
What is the highest common divisor of 38 and 874?
38
What is the greatest common factor of 2100 and 50?
50
What is the highest common divisor of 116 and 1566?
58
Calculate the highest common divisor of 17 and 36601.
17
Calculate the greatest common divisor of 48 and 15.
3
What is the highest common factor of 81 and 1269?
27
Calculate the highest common divisor of 8 and 24.
8
What is the highest common factor of 20 and 2140?
20
Calculate the highest common factor of 13 and 1352.
13
What is the greatest common divisor of 15 and 3495?
15
Calculate the highest common factor of 651 and 6.
3
Calculate the greatest common factor of 58 and 53.
1
What is the highest common divisor of 105 and 595?
35
What is the greatest common factor of 31 and 2201?
31
What is the greatest common divisor of 35429 and 71?
71
What is the greatest common factor of 76 and 171?
19
Calculate the greatest common factor of 9 and 271.
1
What is the highest common factor of 2 and 204?
2
Calculate the highest common divisor of 108 and 4.
4
What is the greatest common factor of 867 and 19363?
289
Calculate the greatest common factor of 59 and 5.
1
What is the greatest common factor of 60 and 1635?
15
Calculate the highest common factor of 16 and 164.
4
Calculate the highest common divisor of 29561 and 1148.
287
Calculate the highest common factor of 9 and 225.
9
What is the greatest common divisor of 12 and 32?
4
What is the highest common factor of 207 and 2944?
23
Calculate the greatest common factor of 1309 and 77.
77
Calculate the highest common divisor of 5811 and 117.
39
Calculate the greatest common divisor of 2698 and 639.
71
What is the highest common factor of 49 and 931?
49
Calculate the greatest common divisor of 100 and 40.
20
Calculate the highest common factor of 50 and 1150.
50
Calculate the greatest common factor of 146 and 8906.
146
What is the greatest common divisor of 84 and 378?
42
Calculate the greatest common factor of 104 and 91.
13
Calculate the highest common divisor of 18 and 1026.
18
Calculate the highest common factor of 8024 and 136.
136
What is the greatest common factor of 1610 and 70?
70
Calculate the highest common divisor of 4765 and 50.
5
Calculate the greatest common divisor of 432 and 306.
18
What is the greatest common divisor of 609 and 667?
29
Calculate the greatest common divisor of 36 and 15.
3
What is the highest common factor of 168 and 1302?
42
What is the highest common factor of 3782 and 1220?
122
Calculate the greatest common divisor of 5216 and 32.
32
What is the highest common factor of 27 and 432?
27
What is the greatest common factor of 1 and 17?
1
Calculate the greatest common factor of 168 and 448.
56
Calculate the greatest common factor of 259 and 8399.
37
Calculate the greatest common divisor of 2208 and 690.
138
What is the highest common divisor of 8 and 708?
4
Calculate the greatest common divisor of 162 and 3438.
18
Calculate the highest common factor of 555 and 999.
111
What is the highest common factor of 418 and 11?
11
Calculate the highest common factor of 41 and 7995.
41
Calculate the greatest common divisor of 29425 and 11.
11
Calculate the greatest common factor of 23 and 529.
23
What is the greatest common divisor of 144 and 1089?
9
Calculate the greatest common divisor of 1634 and 418.
38
Calculate the greatest common factor of 110 and 200.
10
What is the highest common divisor of 26 and 3679?
13
Calculate the greatest common divisor of 456 and 684.
228
Calculate the greatest common divisor of 24 and 176.
8
Calculate the highest common divisor of 187 and 153.
17
What is the greatest common divisor of 89 and 2848?
89
Calculate the greatest common divisor of 6096 and 72.
24
What is the greatest common factor of 1 and 361?
1
Calculate the greatest common factor of 2046 and 33.
33
Calculate the greatest common divisor of 28 and 2996.
28
Calculate the greatest common factor of 2482 and 102.
34
Calculate the highest common divisor of 6 and 58.
2
Calculate the greatest common factor of 14 and 1106.
14
What is the highest common factor of 61 and 13?
1
Calculate the highest common factor of 1330 and 1050.
70
Calculate the highest common divisor of 768 and 24.
24
Calculate the greatest common divisor of 2703 and 357.
51
What is the greatest common factor of 17 and 10676?
17
Calculate the highest common divisor of 33 and 528.
33
What is the highest common factor of 90 and 